ose -5*k - 15 = 0, -17*k = 2*d - 12*k - 1659. What is the hundreds digit of d?
8
What is the units digit of 153890/45 - (671/99 - (-1 - -8))?
0
Suppose 4*n - 63828 + 10404 - 1428 = 0. What is the tens digit of n?
1
Suppose 2*g = -4*c + 63072, -26*g = -c - 23*g + 15789. What is the tens digit of c?
7
What is the thousands digit of (74/(-296)*6)/((-2)/(74144/3))?
8
Suppose 72 + 108 = -5*n. Let f be 0 + n/(-1)*58/6. Suppose 50*g - 46*g = f. What is the units digit of g?
7
Suppose 6*h - 3*j - 118422 = 0, 2*h - j = 4*h - 39482. What is the tens digit of h?
3
Let b(z) = -4*z**3 - 2*z**2 - 3*z - 2. Let d be b(-1). Suppose -d = -2*g + 3. Suppose -g*m = 15, -5*p - 4*m - 186 + 1421 = 0. What is the hundreds digit of p?
2
Let f(n) = 3*n - 7. Let k be f(11). Suppose 33440 = -k*c + 70*c. What is the hundreds digit of c?
7
Let i(k) = 55094*k**2 + 552*k + 553. What is the hundreds digit of i(-1)?
0
Suppose 212*v - 187*v - 303022 = 427528. What is the hundreds digit of v?
2
Suppose -2*l - o = -471, -o + 494 = 4*l - 445. Let y = l + 35. What is the units digit of y?
9
Let d = -498 - -502. Suppose -d*j = 2*p - 3508, 2*p + 2617 = 5*j - 2*j. What is the tens digit of j?
7
Suppose -3*m + 4*z - 1163 = 0, m = 5*m - 4*z + 1544. Let p = -665 - m. Let a = -173 - p. What is the tens digit of a?
1
Let d(i) = -90*i**3 + 87*i**3 + 0 - 1 + i**2 - i. Let c be d(-1). Suppose -t - c*o = -8, -t - 2*t + 5*o = -58. What is the tens digit of t?
1
Let v be (1/(0 + 1))/((-63)/64134). Let g = -642 - v. What is the units digit of g?
6
Suppose -118*h - 3 = -119*h, -4*w = 4*h - 45592. What is the tens digit of w?
9
Suppose -q = -5*x - 20, -x + 2*q = x. What is the tens digit of (-3)/(-5) - (827/x - -7)?
5
Let i = -1101 - -7407. What is the thousands digit of i?
6
Suppose 1284*g - 525660 = 1264*g. What is the thousands digit of g?
6
Suppose -82 = -w - 3*n, -4*w + 7*n = 6*n - 341. Let v be (26/3)/(3/(-9)). Let q = w + v. What is the units digit of q?
9
Let f = 162 + -168. What is the tens digit of 512/6 - f/(-18)?
8
Let s(j) = j**2 - 18*j + 4. Let l be s(18). What is the thousands digit of 2364/(16/(32/l))?
1
Let i = 3190 - 1135. What is the thousands digit of i?
2
Let j = -5266 - -23708. What is the tens digit of j?
4
What is the thousands digit of (-201)/1407 - (-152552)/7?
1
Let q(c) = -2*c**3 + 14*c + 0*c**3 + 1 + 0*c**3 - 164*c**2 + 158*c**2. What is the units digit of q(-10)?
1
Let v(j) = -j**3 + 41*j**2 + 5543. What is the units digit of v(0)?
3
Let q(x) = 92*x**2 + 5*x + 5. Let n be q(-1). Let p = n - 76. Suppose -5*z = -5*f + 770, -3*z - p = z. What is the tens digit of f?
5
Suppose -12*d + 5551 = -5*d - 6*d. What is the hundreds digit of d?
5
Let h = -678 + 680. Suppose 4*p + f = 75, -4*p + f = -85 - 0. Suppose -2*s = h*s - p. What is the units digit of s?
5
Let g = -255 + 257. Suppose -10176 = -14*l + g*l. What is the tens digit of l?
4
Let p(j) = 3*j + 51. Let y be p(-14). What is the hundreds digit of ((-444)/y)/((-22)/99)?
2
Let w(g) = 1 - 424*g + 138*g + 6*g**2 + 138*g + 149*g. Let i be ((-2)/(-4))/(1/(-6)). What is the tens digit of w(i)?
5
Suppose 5*s - 2037 + 2 = 0. Let t = 701 - s. What is the tens digit of t?
9
Let s(h) be the third derivative of 131*h**6/120 - 3*h**5/20 + 11*h**4/24 - h**3/6 - 90*h**2. What is the hundreds digit of s(2)?
0
Let g be (0 + (-48)/15)*15. Suppose 396 = -2*h + 360. Let f = h - g. What is the tens digit of f?
3
Let n be 85/30 + (-9)/(-54). Suppose -n*f - 5*c = -2329, 5*f - 4*c - 3931 = -0*f. What is the units digit of f?
3
Let t be (3 - 3) + 4/(-2). Let g be t/2 - (-77 + 14). Let o = -6 + g. What is the tens digit of o?
5
Suppose -69 = 109*w + 43 - 548. Let b(v) = v - 3. Let o be b(6). Suppose -4*j + o*m + 58 = -2*m, -w*j + 50 = -m. What is the units digit of j?
2
What is the hundreds digit of ((-176)/(-40) + -4)/(14/267470)?
6
Suppose 0 = -3*y + 3*k + 96831, 20*y = 15*y - 4*k + 161340. What is the units digit of y?
2
Let k(z) = 2*z**3 - 9*z**2 + 8*z + 10. Let h be k(5). Let i be (-1217)/4 + h/(-20) + 4. Let n = -164 - i. What is the units digit of n?
0
Let z(a) be the second derivative of 1/6*a**3 + 0 - 1/2*a**2 + 5*a. What is the units digit of z(2)?
1
Let h(a) = a**3 - 9*a**2 + 7*a + 8. Let z be h(8). Suppose z = 18*c - 13*c - 1635. Let n = c + -99. What is the hundreds digit of n?
2
Suppose 173*y = 4426770 + 246825. What is the hundreds digit of y?
0
Let g(w) = -w**3 + 2*w**2 - w - 4. Let s be g(0). What is the tens digit of 1*(286 + 0) + s + -1?
8
Let r be 2*(180/8)/(-5). Let m be r*(-5)/15 - 2. What is the tens digit of (6 - 2)/m + 75?
7
Let k(a) = 67*a + 516. What is the thousands digit of k(28)?
2
Let c(i) = -5*i - 147. Let w be c(44). Let t be 0 + 0 - 600/(-1). Let k = w + t. What is the tens digit of k?
3
Let o = -8557 - -12756. What is the tens digit of o?
9
Let z = 19490 - 12888. What is the tens digit of z?
0
Suppose 2*k + 4*s - 42673 = -9013, 4*k - 2*s = 67260. What is the units digit of k?
8
Let q be 220/5*(0 - 1 - -2). Let p be 1*-60*q/(-16). Let d = p - 62. What is the units digit of d?
3
Let z be 2 - (3 - 5) - 4. Suppose -w - 3*q + 43 = z, -3*q = -0*w + 2*w - 86. What is the units digit of w?
3
Let d be 1/(80/25 - 3). Suppose 74 = 3*a - s, a + 20 = 2*a - d*s. Suppose -137 = -2*l + 3*u - 0*u, 0 = 5*u - a. What is the units digit of l?
6
Let k be (0 + 2)*(-28)/6*-3. Suppose 0 = 2*t - k + 18, 7535 = 5*s - 5*t. What is the units digit of s?
2
Suppose -2*u - 2*y + 19348 = 0, 2*u - 9331 = -y + 10020. What is the units digit of u?
7
Let m(u) = 101*u + 22. Let f(a) = -102*a - 22. Let t(b) = -5*f(b) - 6*m(b). Let r be t(-6). What is the hundreds digit of r/3 + 6/(-9)?
1
Let b = -14514 + 23545. What is the units digit of b?
1
Suppose 2355*p - 2280*p = 2285625. What is the thousands digit of p?
0
Let v(w) = -19*w**3 - 4*w**2 - 87*w - 392. What is the hundreds digit of v(-5)?
3
Let c(q) = 311*q**2 + q. Let a be c(-1). Suppose 2*f + 4*z = a, 5*f - 3*f - 4*z = 270. Let s = f + 35. What is the hundreds digit of s?
1
Suppose 0 = 2*o - 2*p - 494, -5*p = o - 4*p - 253. Let k = o - 151. What is the tens digit of k?
9
Let k = -275 + 586. Let c = k + 33. What is the tens digit of c?
4
Let b = -30 - -40. Suppose -5*d + y = -2*d + 7, 2*y = 2*d + b. What is the hundreds digit of d/2*1/(4/(-856))?
1
Suppose -42291 = 23*m - 32*m. What is the hundreds digit of m?
6
Let l = 77 + -62. Let w(h) = -h**3 + 20*h**2 - 18*h + 13. Let y be w(l). Suppose -8*a + y = -a. What is the tens digit of a?
2
Let q be 255/10*2/3. Let r be 610*((-147)/(-70) + -2). Suppose q*x - r = 16*x. What is the units digit of x?
1
Suppose -5 = -q, -89 = -2*p - 0*p - 5*q. Suppose 0 = 5*m - t + 60, p = -3*m - 3*t - 22. Let d(l) = -l**3 - 11*l**2 + 13*l + 12. What is the tens digit of d(m)?
8
Let w(c) = 18*c**2 - 4*c + 9. Let p be w(2). Let a = p + -18. What is the units digit of a?
5
Suppose -42 = 133*i - 127*i. What is the tens digit of (-3)/i - ((-452)/7 + 5)?
6
Let j(w) = 26*w - 15. Let v be (4/(-6))/(-2) + (-143)/(-39). Suppose h - 3 = v*q - 1, 5*q = -h + 20. What is the units digit of j(h)?
5
What is the tens digit of (-1430)/20*(-112 + (-8)/(-2) + -4)?
0
Let v(b) = -b**3 - 2*b**2 - b + 747. Let x be v(0). Let a = x - 432. Suppose -5*w = 50 - a. What is the tens digit of w?
5
Suppose 6*c - 312 = -78. Suppose -659 + c = -o - 3*j, -1210 = -2*o + 4*j. What is the hundreds digit of o?
6
Let l(p) = 5*p**3 - 4*p**2 + 27*p + 28. Let n(q) = 3*q**3 - 2*q**2 + 13*q + 14. Let z(c) = 4*l(c) - 7*n(c). What is the hundreds digit of z(-10)?
6
Let g(z) = 46*z + 38*z - 4 - 90*z. Let r be g(7). Let d = r + 71. What is the tens digit of d?
2
What is the thousands digit of (1 - -1) + (-48 + 36 - -8*779)?
6
Let t(j) = 1930*j**2 + 979*j - 4921. What is the ten thousands digit of t(5)?
4
Suppose -6*u - 342 = -4*u - 4*c, -u - 2*c - 151 = 0. Suppose -172 = -2*w + 4*w. Let t = w - u. What is the units digit of t?
5
Let t(l) = -2*l**3 + 40*l**2 + 18*l + 19. Let g be (156/130)/((-6)/(-100)). What is the tens digit of t(g)?
7
Let m(q) be the second derivative of q**4/12 + 8*q**3/3 + 13*q**2 - 3*q + 3. What is the hundreds digit of m(13)?
4
Let w(d) = -d**2 - 4*d + 1. Let v be w(-4). Let f be 9/v*(-18)/27. Let j(g) = 6*g**2 + 13*g - 2. What is the hundreds digit of j(f)?
1
Suppose 9*r + 53*r - 283419 = 1